. What is the tens digit of d?
7
Let b be (-7 - -15)*2/(-24)*-3. Suppose -855 - 169 = -j - 4*q, 0 = b*j - 2*q - 2028. What is the thousands digit of j?
1
Let p be 1 - (5 - 0) - (-11)/1. Suppose 4*d + p*f - 289 = 6*f, -5*d + 365 = 5*f. What is the units digit of d?
2
Suppose -23249*a - 49360 = -23257*a. What is the tens digit of a?
7
Let n = 75 + -71. Suppose 10*a - 1902 = n*a. Suppose -3*f + f = h - a, 3*f - 476 = -h. What is the units digit of f?
9
Let d(n) = n**3 + 7*n**2 - 30*n - 101. Let y be d(-12). Let m = y + 1440. What is the tens digit of m?
7
Suppose p - 3 = 2*p. Let x be -13*(-2)/p*-6. Let q = -27 + x. What is the tens digit of q?
2
Let g(c) = c. Let p(k) = -3*k - 8. Let d(o) = 3*g(o) + 3*p(o). Let t be (51/(-12) - 0)/((-12)/(-48)). What is the tens digit of d(t)?
7
Suppose 0 = -4*i - 20, 2*i - 53 = 2*m - 3*m. Suppose 0 = 5*o - 2*o. What is the units digit of o/(0 + 6) - m/(-1)?
3
Let d = -6917 - -13647. What is the tens digit of d?
3
Let o(c) = -c**2 - c - 3. Let f be o(0). Suppose 86*y - g + 446 = 85*y, -3*g - 430 = y. What is the tens digit of y/(-8) - f/(-9 + -3)?
5
Let v be -10 + 12 - (1*-7 + -1). Let o(b) = -v*b - 3*b - 5 - 2*b + 2. What is the tens digit of o(-2)?
2
Suppose 3*g = -2*g - 20, -4*g - 61 = -3*y. Suppose -3*i + 6*i + y = 0, -i = 4*m - 99. Suppose -m*h = -27*h + 24. What is the units digit of h?
4
Let p(w) = w**2 + 32*w - 22. Let v be p(12). Let k = v + -161. What is the units digit of k?
5
Let h be (-10)/(-3 - 7)*(1 - 2). What is the units digit of -5 + 0 + h + 129?
3
Suppose 2*d + 3*s - 5 = 4, -d - 15 = -5*s. Suppose 3*h = -u - 2*h + 146, d = u + 4*h - 149. What is the hundreds digit of u?
1
Suppose 4*t - 9*t = -95. Let a = t - 27. What is the tens digit of (1*a)/(-2) + 68?
7
Let f = 3233 + 4033. Let s be (2/(-4))/((-21)/f). Let o = s + -62. What is the hundreds digit of o?
1
Suppose -5*j - 5*l + 126190 = -193415, 5*j = -3*l + 319615. What is the units digit of j?
6
What is the thousands digit of 338142/28 - (27/6)/(-3)?
2
Let j be ((-4)/6)/(6/(-108)). Let x = -8 + j. What is the units digit of (-1)/(422/106 - x)?
3
Let g = -26 - -36. Let c be 66/g - (-6)/(-10). What is the tens digit of (-4)/c*636/(-8)?
5
Let m(z) = 1463*z + 19. Let h be m(7). Suppose 0 = 16*t - 13836 - h. What is the units digit of t?
6
Let d(c) = c**2 + 14*c + 13. Let u be d(-13). Suppose -2*o + 13 - 9 = u. Suppose s = -3*x + 320, -3*x + o*s + 340 - 26 = 0. What is the hundreds digit of x?
1
Let d(h) = -61*h + 43. Let g be d(18). Let f = -590 - g. What is the tens digit of -2 + f/((-10)/(-2))?
9
Let g = 27765 + -23612. What is the thousands digit of g?
4
Suppose w + 3*g - 13104 = 0, 2*w = g - 5*g + 26218. What is the thousands digit of w?
3
Suppose -89*z = -59*z. Let q(j) = j - 3. Let d be q(6). Suppose z = 4*g + d*k - 178, -2*g + k = -4*k - 102. What is the tens digit of g?
4
Let m(n) = 9*n**3 - 12*n**2 + 22*n + 44. Let q(v) = 5*v**3 - 6*v**2 + 11*v + 22. Let w(r) = 4*m(r) - 7*q(r). What is the hundreds digit of w(9)?
3
Suppose 5*k = -3*k + 3*k. Let f be 1/1 - 900/(-10). Suppose 4*z - 121 - f = k. What is the tens digit of z?
5
Let l = -5 + 11. Suppose -3*h = l*h. Suppose h = k + 9*k - 350. What is the units digit of k?
5
Let c(u) = 1997*u - 1. Let p be c(1). Suppose -14*t + 3786 + p = 0. What is the hundreds digit of t?
4
Let a = -731 - -1314. Suppose -b = f + a, b - 5*f = -3*b - 2323. What is the units digit of b/(-8) + (-5)/(-20)?
3
Let g(v) = -v - 3. Let u be g(-6). Let p be ((-22)/(-3))/(u/45). Let j = p - 49. What is the units digit of j?
1
Let l(u) = -5*u**3 - 526*u**2 - 224*u + 3. What is the hundreds digit of l(-106)?
6
Let t(l) = -304*l**2 - 14*l + 0*l**3 + 37 - l**3 + 317*l**2 - 5. What is the units digit of t(9)?
0
Let w be 6/4*(-2 + 4). Suppose 15*l - 3*i = 16*l - 90, w*i = 2*l - 189. What is the units digit of l?
3
What is the hundreds digit of 230525/35 + (-12)/28?
5
Let t be (6/(-8))/((-7)/(-4) - 2). What is the units digit of 1332/t*225/100?
9
Let a be -6 + (-2 - -5) + 5 + 1. Suppose 0 = -a*q + q - 2*r + 4, 3*q = -2*r + 9. Suppose q*y + 5*s = 415, y - 7*s + 4*s - 83 = 0. What is the tens digit of y?
8
Let b(s) = -s**3 - 24*s**2 - 48*s + 39. Let d be b(-24). Let p = -360 + d. What is the tens digit of p?
3
Let p = 2188 - 618. Let a = -283 + p. What is the thousands digit of a?
1
What is the hundreds digit of (-6)/16 + 18/(-336)*-162463?
7
Let w(q) = -q**3 + 44*q**2 + 263*q - 395. What is the ten thousands digit of w(44)?
1
Let n be -3*(-6)/(-27)*-3. Suppose -5*j + 18 = x - 7, n*x - j - 6 = 0. Suppose u = -u + x*k + 135, 0 = 5*u + 5*k - 425. What is the tens digit of u?
8
Suppose -4*p = -4*z + 8, 5*z + 6*p = 3*p + 18. Suppose -5*u = z*j + 707 - 2097, -j + 469 = -4*u. What is the units digit of j?
5
Let u(p) = p - 1. Let i(b) = 4*b - 18. Let s be i(6). Let w be u(s). Suppose -w*m + r + 35 = 0, 5*m - 35 = 4*r - 0*r. What is the units digit of m?
7
Let x(a) = a + 84. What is the hundreds digit of x(26)?
1
Suppose 2*z - 64933 = -5*r - z, -r - 4*z = -12973. What is the tens digit of r?
8
Let j = -2 + 10. Let g = 8 - j. Suppose -5*m + 2*h + 115 = g, -4*h - 30 = -m - 7. What is the units digit of m?
3
Suppose -38*q = -14*q - 504. Suppose 8*u - q*u = -13546. What is the hundreds digit of u?
0
Let u(i) = 2*i**2 - 54*i - 56. Let s be u(28). Suppose 62*l - 79*l + 23324 = s. What is the units digit of l?
2
Let z = 22492 - 11069. What is the thousands digit of z?
1
Suppose -2*j + 3*a + 16930 = 0, -14*a + 33860 = 4*j - 9*a. What is the hundreds digit of j?
4
What is the tens digit of 145360/6*(-84)/(-56)?
4
Suppose -3*s + 46674 = k, 115*s - 4*k + 31116 = 117*s. What is the hundreds digit of s?
5
Let o(g) = -g**3 + 30*g**2 - 30*g + 34. Let i be o(29). Suppose 6*m - m - 260 = i*b, 4*b - 176 = -4*m. What is the tens digit of m?
4
Let u(g) = 48*g**2 - 6*g - 213. What is the hundreds digit of u(15)?
4
Suppose 5*s - 4785 = -5*b, -15*s = -10*s - 15. Let n = b + 309. What is the thousands digit of n?
1
Let k be (-18)/(-15)*40/(-12). What is the hundreds digit of k/(-12) + (-72120)/(-45)?
6
Suppose 83316 = 34*z + 19*z. What is the tens digit of z?
7
Let t = 300 + -294. Suppose t*v - 3032 = -200. What is the hundreds digit of v?
4
Let c be (-4 + (1 - -4))/(2/(-398)). Let z = 241 + c. What is the units digit of z?
2
Let r(y) = -52*y - 28. Suppose -11*v = -16 + 93. What is the units digit of r(v)?
6
Let a be -1 + (78 - (-2 + 1))/1. Let k = a + -73. Suppose 4*n - k*n + 79 = 0. What is the tens digit of n?
7
What is the thousands digit of 18 + 4 - -46418 - -13?
6
Suppose 5*s + 4*q - 2*q = 3904, 0 = 5*s - 5*q - 3890. Suppose -30*b = -34*b + s. What is the units digit of b?
5
Suppose 1566 = 3*z + 309. Suppose -5*b = -z - 446. What is the hundreds digit of b?
1
Let j be 2 + 1 - 4/(-2). Suppose 3*k - j*k = 5*k. Suppose b = -3*u - 7, -7*b + 4*b + 3*u + 15 = k. What is the units digit of b?
2
Let b = 22907 + -14471. What is the thousands digit of b?
8
Let y(j) = 60*j**2 + 12*j - 31. Let a be y(-7). Suppose 10*u = a + 6285. What is the hundreds digit of u?
9
Let b(t) = 579*t - 693*t - 1 + 1. What is the tens digit of b(-1)?
1
Let d(m) = m**3 - 2*m + 3. Let l(p) = 5*p + 35. Let b be l(-7). Let y be d(b). Suppose y*u - 3*h - 162 = 0, 0 = -5*h - 10 - 10. What is the units digit of u?
0
Let h(x) = -x**3 + 17*x**2 + 23*x - 25. Let r be 17 - (-2 + 6/3). Let b be h(r). Let q = -207 + b. What is the tens digit of q?
5
Suppose -2*n = 5*p - 24, -3*n + p + 27 = -9. What is the units digit of (243/12)/(n/528)?
1
Let i be (-8)/(-2)*(-2)/4. Let b be 2/6 + ((-40)/12)/i. Suppose 2*d - 29 = -b*l - l, -4*l + 39 = 3*d. What is the units digit of l?
9
Let w = -1646 - -2770. Suppose 2*l + 0*l = 3*q + w, 5*q = 10. What is the units digit of l?
5
Let i = 134 + -137. What is the tens digit of 1/(i + (-4864)/(-1620))?
0
Suppose -1762*b = 1768*b - 3509*b - 1425627. What is the thousands digit of b?
7
Let x(p) = -p**3 - 6*p**2 - 7*p + 4. Let h be x(-4). Suppose -c + 13 = -4*g - 24, -3*c + g + 78 = h. What is the tens digit of c?
2
Suppose 3*v + 2*r - 1182 = 0, 3*v + 122 - 1313 = -5*r. Let j = 266 + -468. Let z = j + v. What is the tens digit of z?
9
Let w(p) = 14*p - 5245. Let j be w(0). What is the tens digit of (-3)/((0 - 4) + j/(-1315))?
6
Suppose -38*z = -40*z - 3*u + 45851, 2*u 